1 - -2) + 3. Suppose -334 = -j*k - 8. Is k a composite number?
False
Let z(b) = b + 1. Let k be z(5). Let l(p) = -p**3 + 6*p**2 - 4*p + 4*p**2 + 10 + k*p. Is l(9) prime?
True
Let f be (-48)/21 - 2/(-7). Let k be (-729)/f - 3/(-6). Let l = -112 + k. Is l composite?
True
Let k(h) = -3*h**3 + 5*h**2 + 3. Let z(l) = -13*l**3 + 21*l**2 + 13. Let m(c) = 9*k(c) - 2*z(c). Let v be m(3). Is (-679)/14*-6*v a prime number?
False
Suppose 3*j + 20 = 8, 3*j - 379 = g. Suppose 5*a = 5*h - 3*h + 3428, -a - h + 680 = 0. Let c = g + a. Is c a prime number?
True
Suppose -4*t + 7 + 189 = 0. Suppose 0 = -54*g + t*g + 3985. Is g a composite number?
False
Suppose -4*j = 5*k - 9215, 3*j + k - 8860 = -1957. Suppose 0 = 2*h + j + 3616. Is h/(-14) + (-2)/7 a prime number?
True
Suppose -9*f = -4*f - 5*i - 35, 0 = 4*f - 3*i - 23. Suppose -f*a = 5*a - 19733. Is a composite?
False
Let o(q) = -q + 5. Let t be o(7). Let r(f) = -114*f**3 - f**2 + 2*f + 3. Is r(t) a prime number?
True
Suppose 4*k = 2*u + 46854 - 4778, k = 4*u + 10519. Is k prime?
False
Suppose 0 = -9*k + 5*k + 708. Is k a composite number?
True
Let b = 1834 - -613. Is b a composite number?
False
Suppose -16 = 4*s, -5*h + 45*s - 48*s + 568003 = 0. Is h prime?
False
Let h = 7671 + -16301. Let q = -5037 - h. Is q a prime number?
True
Suppose t = 2*t + 2*h - 34, 0 = -5*h - 25. Let f = t + -3. Let q = 38 + f. Is q composite?
False
Suppose 4*s + 3 = 7*s. Is -4*(s + (-4484)/16) composite?
False
Suppose -8 = 5*u - 23. Suppose u*k + 498 = 5*k. Suppose -w = -0*r + r - 83, -4*r = -3*w + k. Is w a composite number?
False
Let p be (-8)/12 - (-34)/(-3). Is ((-782)/(-3))/(p/(-18)) prime?
False
Let g(l) = -l - 1. Let p be g(-5). Suppose 3*k + 0*k - 4*z + 671 = 0, -2*k - p*z - 474 = 0. Let i = -118 - k. Is i prime?
False
Let r = 32 - 28. Is (-20)/(-10)*782/r a prime number?
False
Suppose 368 = 5*o - 2*k, 3*o - 208 = 2*k - 4*k. Let q = 440 + -438. Suppose -b - 5 = 0, 0*i + q*b = i - o. Is i a composite number?
True
Suppose 0 = -2*t - 4*a + 1554, -t = -a - 420 - 372. Is t a composite number?
False
Let i(u) = 2*u**2 - 2*u - 8. Let s be i(3). Is (1552/12)/s*3 a prime number?
True
Let s = -8 - -6. Is 135 - 4/(s/2) composite?
False
Suppose -5*a + k + 0*k = -120, 3*k + 120 = 5*a. Is ((-4)/(-10))/(a/44580) composite?
False
Let p(x) = x**2 + 5*x - 14. Suppose -7 = i + 7. Let d be p(i). Suppose -d = -3*n + 83. Is n composite?
True
Let h = 14 + -15. Let t be (h - -3 - 3) + 4. Let j = t - -7. Is j composite?
True
Suppose a + 79211 = 20*a. Is a a composite number?
True
Suppose 0 = 3*y + 4*j - 13112, 8713 = 2*y + 2*j - 5*j. Suppose q = -2*l + 1316, -y = -5*l + q - 1067. Is l a composite number?
False
Let k = 495 + -236. Is k a composite number?
True
Let a be (0 - -9) + 6/(-12)*6. Let u(c) = 129*c - 31. Is u(a) a prime number?
True
Suppose 3*n - 4 = -2*p, 4*p + 5*n + 0*n = 8. Let r(d) = -5*d**p + 18*d**2 + 0*d**2 - 1 - 12 - 7*d. Is r(-6) prime?
False
Let m be 6/(-21) + 2697/7. Suppose 5*k = 250 + m. Is k a prime number?
True
Let c be (-2040)/(-5) - (-2 - 2). Suppose 3*i = -5*l + 1070, -2*l - 10 = -4*i - c. Is l a composite number?
False
Let h(b) = -3*b - 5. Let i be h(-3). Suppose 0 = -i*v + 6 + 10. Suppose v*m - 1061 = 1631. Is m a prime number?
True
Let g(y) = y - 9. Let o be g(6). Let s be (2/(-5))/(3/(-180)). Let f = s + o. Is f a composite number?
True
Let n(r) = 908*r**2 + 2*r + 1. Let u be 4 + -5 + 1 + 3. Suppose 5*t + l = -1, u*t - 2*l = -l - 7. Is n(t) a prime number?
True
Let r(v) = 4*v - 1. Let j be r(1). Suppose -g - 3*q + 23 - 15 = 0, 2*g - 14 = -5*q. Suppose -g*y - 2*a = -0*a - 120, j = 3*a. Is y composite?
False
Is -5 - 184/16*-3988 a prime number?
False
Let v be (-218)/((-3 + 4)/(-2)). Is 1*v - (-1 + 0) composite?
True
Suppose 8 = -4*x - 0*x. Let r be (-1)/3*(-217 + x). Let c = 144 - r. Is c a prime number?
True
Suppose 5*v - 16757 = 28*x - 25*x, 2*v - 6682 = -4*x. Is v composite?
True
Let s(r) = -5*r + 5627. Is s(0) a composite number?
True
Let b be (2/4)/((-3)/24). Let u(q) be the second derivative of 5*q**4/12 + q**3 + 3*q**2/2 + 25*q. Is u(b) a composite number?
False
Suppose -9*w + 5 = -8*w. Let a(n) = 1046*n - 63. Is a(w) composite?
False
Let u = 1049 + 4206. Is u a prime number?
False
Suppose 4*h = 11 - 3. Suppose -4*a - 20 = -2*j, 0 - 20 = -4*j + 3*a. Suppose 165 = 5*z - 5*s, -h*z - j*z + 132 = -s. Is z a prime number?
False
Let q be (42/(-28))/((-6)/20). Suppose 3*v = -9, 2*o - 97 = -q*v + 394. Is o prime?
False
Let l = 165 - 319. Let b = 57 - l. Is b a composite number?
False
Suppose -1 = -4*z + m + 2, 13 = -z + 3*m. Suppose z*p - 246 = -3*p - 3*s, -p + 60 = -3*s. Is p prime?
False
Let t be (-16)/(-40) + (-18)/(-5). Suppose -j = -6*j + t*c + 343, -4*c + 327 = 5*j. Is j composite?
False
Suppose 0 = -j + 52 + 43. Let i = j - 67. Is (-6)/21 + 3172/i composite?
False
Let n = 15 - 13. Suppose -5*a = n*i - 43, 2*a = -4*i + 6 + 24. Is a prime?
True
Is (-8)/(120/6385)*-21 composite?
True
Let v be (-273)/65 + 1/5. Let x(h) = -13*h**3 + 5*h**2 + 2*h - 3. Is x(v) composite?
True
Let k = 31 + -26. Suppose n = k*b - 2075 + 28, -n - 1638 = -4*b. Is b a composite number?
False
Suppose 3076 = 6*w + 550. Is 7/14*(w - -1) a prime number?
True
Let h = -18 + 0. Let c(j) = -2*j**2 - 6*j - 23. Let l be c(h). Let s = l - -1150. Is s a composite number?
False
Let v = 3015 + 3696. Is v a prime number?
False
Suppose 0 = -7*c - 9*c + 80. Suppose -4 = -d, -c*d = j - 4*j + 991. Is j prime?
True
Let i(v) = -2*v**3 - v**2 - 11*v - 5. Suppose -11*n + 6*n = 65. Let j(t) = t + 7. Let k be j(n). Is i(k) a prime number?
True
Suppose -3*s + 2*b + 3309 + 21942 = 0, -s + 8416 = -b. Is s composite?
False
Suppose 11 = 23*m - 35. Suppose 0 = -3*l + 8*l - 50. Is (-15)/l + 137/m a prime number?
True
Is 51666 - (2 - (4 - 3) - -4) a prime number?
False
Let r(f) = 11*f**2 + 4*f. Let y(d) = 2*d**2 - d + 1. Let q be y(-2). Suppose 4*o - q = 1. Is r(o) a prime number?
False
Let r = -18 + 20. Suppose -2*b - 2*o - 24 + 160 = 0, -2 = -r*o. Is b a prime number?
True
Let o be (2/4)/((-5)/(-50)). Suppose k - 12 = o*k, -390 = -j - k. Is j prime?
False
Suppose 2*k + 40 = 4*k. Suppose -5*t = -5 - k. Suppose 4*w - 446 = -2*g, -w + t*g + 79 = -49. Is w prime?
True
Let h be -3 - (-1 - -2) - -6. Suppose v - 4 = 3*p + 15, -h*p = 0. Is v prime?
True
Let m = 3 - 0. Suppose -m*q - 7 = -4*q. Let s(y) = 2*y**2 - 3*y + 6. Is s(q) prime?
True
Let z(t) = t**2 - 9*t. Let r be z(9). Let w be (-1 + 4)*(1 - r). Is 0 + (w - 80)/(-1) a prime number?
False
Let w = -3745 - -18264. Is w prime?
True
Suppose -5*h + 599 = -466. Suppose 1217 - h = 4*u. Is u a composite number?
False
Let n(f) = 2*f**3 - 5*f**2 + 15*f - 19. Let u be (-35)/(-3) + (-10)/15. Is n(u) a prime number?
True
Let v be -1 + (-3)/2*124. Let n be (4/(-5))/((-70)/(-8050)). Let f = n - v. Is f composite?
True
Let n = -1568 + 5613. Is n composite?
True
Suppose 2*k - 2 = 10. Suppose -k = a + 5*i, -3*a + 3*i - 18 = -i. Is (444/a)/(0 - 2) composite?
False
Suppose 324926 = 12*u + 105698. Is u composite?
False
Suppose -2*p + 5*p + 5*l - 11241 = 0, 6 = 2*l. Suppose p + 3348 = 5*i. Suppose -3923 + i = -5*r. Is r prime?
False
Suppose -3*h + 4*q + 79331 = 0, 179572 = 5*h - 2*q + 47335. Is h composite?
False
Let x be (-164)/(4/2)*75/(-30). Suppose m - 714 = x. Is m a composite number?
False
Suppose 190 = b + 1946. Is b*(-49)/21 + 2/(-6) composite?
True
Let g(k) = 5*k**2 + k + 4. Let s = -55 + 83. Suppose -5*u = 2*o + 2, -u = 6*o - o + s. Is g(o) a prime number?
False
Let h be (-20)/4*(-2 - -1). Suppose 3*u + 2258 = h*z, 5*z - 4*u = z + 1808. Is z a prime number?
False
Suppose 2*u - 88 = 5*b, -2*b = 3*b + u + 91. Let l = b + 21. Suppose -l*m + 2*m = -161. Is m prime?
False
Let j(w) = -4*w**3 + 7*w**2 + 8*w - 2. Let q(x) = -x**3 + x**2 - x - 1. Let c be q(2). Is j(c) a prime number?
True
Let f(i) = i**3 + 7*i**2 + 5*i + 7. Let p be f(-6). Let d = 21 + p. Suppose 2*r - 120 = -d. Is r a prime number?
True
Is (-1)/(12/(-6) - (-1705)/853) prime?
True
Suppose -18*a = -152227 - 514799. Is a prime?
True
Let s be 39*((-8)/6)/(-1). Let m = -214 + s. Let x = 399 + m. Is x prime?
False
Let w(r) = r**3 - 3*r**2 - 8*r. Let p(o) = -o + 14. Let j be p(9). Let k be w(j). Suppose -1001 = 3*s - k*s. Is s a prime number?
False
Suppose -y + f = 9, 9*y - 4*y - 